, -8 = -4*o. Let l = 156 + b. Is l prime?
False
Suppose 0 = 2*s + 5*o - 11432, -11 + 3 = -4*o. Is s composite?
False
Suppose 7*l + 59240 = 262779. Is l composite?
False
Is 152337/206 - (-2)/(-4) prime?
True
Suppose 8740 = -25*l + 42765. Is l prime?
True
Let m(f) = 323*f**3 - f**2 + f - 3. Is m(2) composite?
False
Is 12*1/6*(-2179)/(-2) a composite number?
False
Let l(m) = -237*m + 80. Is l(-17) composite?
True
Suppose f + 5 = 2*f. Let b = f - 23. Let v = 71 - b. Is v prime?
True
Let z(f) = 257*f + 14. Is z(3) a composite number?
True
Suppose s - 4*a + a = 11963, 0 = 4*s - 4*a - 47868. Is s a prime number?
True
Let z = 0 - 0. Suppose 0 = -o - z*o + 984. Let i = -647 + o. Is i composite?
False
Let c be 10910/(-30) - (-1)/(-3). Let t(z) = -49*z**2 + 3*z + 1. Let l be t(-2). Let k = l - c. Is k prime?
True
Is 108/189 + (-1311627)/(-21) prime?
True
Let t = 82 - 77. Suppose -669 = -t*n + 4*n. Is n a prime number?
False
Suppose -i + 4*i = 15. Let z(v) = 2*v**2 - 3*v + 2. Let q be z(2). Suppose 0 = -w - i*t + 355, q*w + 4*t - 357 = 1063. Is w prime?
False
Is -1*((-7)/(5 - 4) + -38670) a composite number?
False
Let n(m) = 124*m**2 - 5. Let s be (-8)/6 - 45/27. Is n(s) prime?
False
Let d = 39201 - 26828. Is d a prime number?
True
Suppose 0 = 4*n - 3*x - 6, 5*x - 23 = -2*n - 7. Let h(k) = 17*k**2 - 3*k. Let w be h(n). Let z = -17 + w. Is z a composite number?
False
Suppose 5*a - 4*o = 264, -2*a + 0*o + 5*o + 92 = 0. Let y = 1581 + a. Is y composite?
False
Let o = -10 - -10. Let q(t) = -t**2 - t + 45. Let f be q(o). Let l = f - 24. Is l composite?
True
Suppose -87 = -m + 55. Is m prime?
False
Let p = -38 + 71. Let u = p - 33. Suppose u = 6*h - 3*h - 1509. Is h a composite number?
False
Suppose 19 = 5*l - 4*o, -l - 3*o = 3*l - 9. Suppose h - 48 = l*b - 10, -5*b = -4*h + 187. Is h prime?
True
Let x = -8 - -26. Let y = x - -379. Let h = y - 266. Is h a composite number?
False
Suppose -939 = r + 2*r. Let o = r + 440. Is o composite?
False
Suppose 0 = -42*c + 690338 - 209984. Is c prime?
True
Is (-6 + (-20)/(-3))/(2/39489) prime?
True
Is ((-21339)/(-6))/(5/10) composite?
True
Suppose 12*r - 455337 = -134229. Is r composite?
False
Let b(g) = -39*g**2 - 5 + 70*g**2 + 10*g**3 + 4*g - 35*g**2. Is b(4) a prime number?
True
Let x(z) = z + 11. Let n be x(-8). Let m be 1/n + 899/3. Let f = -167 + m. Is f composite?
True
Let o be (-3)/(-12) - (-506)/(-8). Let u = o + 314. Is u a composite number?
False
Suppose 0 = -p - 5*l + 16, 3*l - l = -2. Suppose 0 = 3*k + 4*v - 16, -4*k + 5 - 1 = v. Let h = k + p. Is h prime?
False
Let d be 7/(-2)*(620 - 6). Let t = -1442 - d. Is t a prime number?
False
Let o(s) = -20*s - 2*s**3 - 10*s**2 + 13*s - 4*s - 8. Suppose -2*p - 11 = 3*z, 4*p - 3*z = -13 - 18. Is o(p) composite?
True
Let o(f) = 3*f**3 + 5*f**2 + 12*f + 31. Is o(12) a prime number?
True
Is (-216)/594 + (-654141)/(-11) prime?
True
Suppose 3*x + c = 3586, -3*c - c - 5954 = -5*x. Let o = x - 512. Suppose 4*p - 3*y - 2*y = 924, 3*p - y - o = 0. Is p composite?
True
Suppose -1392*f = -1395*f + 61707. Is f a prime number?
False
Suppose 0 = -2*k - 3*j + 21311, -3*k + 8*j - 11*j + 31962 = 0. Is k prime?
True
Let y(x) = x**3 + 8*x**2 - 3*x - 17. Let r = -17 + 15. Let t be (-162)/24 + r/8. Is y(t) a prime number?
True
Let f(i) = -1. Let a(w) = -w - 7. Let l(t) = -a(t) + 4*f(t). Let u be l(-8). Let d(o) = -2*o**3 + o**2 - 5*o - 7. Is d(u) a composite number?
False
Let y(c) be the second derivative of -151*c**5/10 + c**4/12 - 5*c. Is y(-1) composite?
True
Let a(w) = -52*w - 82. Is a(-5) composite?
True
Suppose 6*u - 2*u = 1760. Is 2/(-11) + (-10)/(u/(-66492)) prime?
True
Suppose p - 314 = -2*i, -5*p + 2*p + 5*i + 975 = 0. Let a = 201 + p. Is a a prime number?
True
Let w = -162 - -2227. Suppose -4*f = 4*o - 1769 - 987, -2*f + w = 3*o. Suppose -454 = -u + o. Is u composite?
True
Suppose 0 = -72*v + 81*v - 234018. Is v a composite number?
True
Let y = -2946 - -7357. Is y prime?
False
Let z(t) = 3*t. Let f be z(-1). Let m(x) be the third derivative of -11*x**6/120 + x**5/20 - x**4/8 + 2*x**3/3 - 57*x**2. Is m(f) a prime number?
True
Let t(n) = 2*n**3 - 29*n**2 - 73*n - 145. Is t(32) composite?
False
Suppose 8 = 5*t - 12. Is t - ((0 - -3) + -138) a composite number?
False
Suppose 0*m - 4*m = 0. Suppose -9*o + 4*o = m. Suppose o = 4*k - f - 142, f = 2*k - 4*k + 68. Is k a composite number?
True
Is (8 - 12)*(0 + (-3543)/12) prime?
True
Suppose 547 = 2*h - 95. Is h prime?
False
Let x(u) be the first derivative of -406*u**2 + 5*u + 18. Is x(-1) composite?
True
Suppose -4*w - 2404 = -17776. Suppose -5*b + w = -v, -3*v - 977 + 214 = -b. Is b a prime number?
True
Let l(c) = 77*c + 2. Let z(b) = 7*b + 1 - 4 - b - 5*b. Let x be z(4). Is l(x) a prime number?
True
Is (-2)/(2 - (-632)/(-314)) a prime number?
True
Suppose -2 = -3*x + 1. Let f(y) = 67*y + 108*y + 35*y - x. Is f(2) composite?
False
Suppose -374*f + 373*f - 41821 = -4*l, 4*l + 2*f - 41806 = 0. Is l a prime number?
False
Let l be (-2 + -4)*(-1282)/(-4). Let f = 2738 + l. Is f prime?
False
Let z(k) = -58*k**3 - 5*k**2 + 7*k - 4. Let w be z(4). Let q = w + 9417. Suppose -3*h + 0*h + q = 0. Is h composite?
True
Is 3*6/63 + 1650495/245 a composite number?
False
Suppose -21496 = -5*o - 5*j - 986, -5*j = 4*o - 16409. Is o a prime number?
False
Let x(j) = 13*j**2 + 12*j + 4. Let g be ((-11)/((-99)/6))/(2/(-39)). Is x(g) composite?
True
Suppose 0 = -5*y - 4*w + 55549, -y + 13*w + 11121 = 11*w. Is y composite?
False
Is (6/3)/2 - (-3292 - -22) a composite number?
False
Suppose -40*l + 43*l = -x + 92818, 2*l + 464107 = 5*x. Is x a composite number?
False
Is 42/(-4)*(-4)/2 prime?
False
Suppose 2*v - 2*k = 3*v - 2563, 5*v - 12800 = -5*k. Suppose -3*r = -344 - v. Is r a composite number?
False
Let c be (-2 - -3)*2 + 2. Suppose 0 = -4*z - c*g + 212, 3*z + 0*g - 159 = 5*g. Suppose -5*l + 6*l = z. Is l composite?
False
Let d(h) = h**3 - 5*h**2 + 10*h. Let m be d(4). Let p be 31/6 + (-4)/m. Suppose -2*o - 2*o = -2*t + 354, p*t + 3*o = 924. Is t prime?
False
Suppose 0 = 4*w + w - 95. Let h = 35 - w. Let g = 37 - h. Is g a composite number?
True
Let u be (-1)/5 - (-7308)/15. Let d = -286 + u. Is d prime?
False
Let v(j) = 7*j**2 - 2*j - 4. Let d be 1/5 + 96/20. Suppose -d*w + 4*l - 1 = 0, -4*l = -0*l - 16. Is v(w) prime?
True
Suppose 3*f - 3*a = 5 + 1, 0 = -3*f + 5*a. Suppose 4*z - 2 = -d - 1, -2*d = -f*z - 15. Suppose -h - d*j = -j - 211, -553 = -3*h + 4*j. Is h prime?
True
Let t(b) = b**3 + 2*b**2 - 11*b - 3. Let f(a) = -4*a - 24. Let l be f(-7). Is t(l) a composite number?
True
Is (-2 - (-25)/10)*6866 composite?
False
Is (10/25)/((-5)/(-7325)) a composite number?
True
Let c(h) = h**3 - 8*h**2 + h - 8. Let a be c(8). Suppose 250 = 4*l - 354. Suppose d = 3*i + l, a*d + i = -2*d + 288. Is d a prime number?
False
Let d = -80982 - -116755. Is d a prime number?
False
Let v = -46 - -49. Suppose -2083 = -v*k - 2*j, 7*j = 2*j + 25. Is k prime?
True
Suppose 1294 = -b + f - 0*f, -3864 = 3*b + 3*f. Is (b/(-6))/((-2)/(-12)) a composite number?
False
Let t be 1870/(-33) + 1/(-3). Let x = t - -330. Let i = -179 + x. Is i a prime number?
False
Let v(y) = 21*y**3 - 20*y**2 - 32*y - 9. Is v(10) a composite number?
False
Let o be -2 + 2 + 2146 - -1. Suppose 4*u = -3*y + 2013 + o, u = -4*y + 1027. Is u prime?
False
Suppose 0 = 3*u - 15473 - 526. Is u prime?
True
Suppose 0*m - 4*m + 24 = 0. Let x(d) be the first derivative of d**4/2 - 5*d**3/3 - 3*d**2 - 5*d - 1. Is x(m) composite?
False
Let c = 1223 - 456. Is c a prime number?
False
Let n(f) = -f**2 - 8*f - 4. Let i be n(-6). Let y be 3/(6/i) + -4. Let v(q) = -q**3 + q + 223. Is v(y) a composite number?
False
Is 19844/12 + (-160)/60 prime?
False
Suppose s = -3*g + 621, g = -4*s - 4*g + 2449. Suppose 0 = 259*w - 263*w - 1408. Let j = w + s. Is j a prime number?
False
Suppose 5*q - 2*k - 92 = 0, -4*k - 24 = -2*q - 0*k. Let y(x) = -x**3 - 3*x**2 - 5*x - 1. Let w be y(-4). Let z = w - q. Is z composite?
True
Let d = 19 - 14. Suppose -f = 4*f + d. Is 103*(-1 - -1 - f) a prime number?
True
Suppose 38 = -c - m, -5*c - 11 = -3*m + 219. Let t = c - -86. Is t a prime number?
True
Let i = -111 + 262. Suppose -4*r + 270 = r. Suppose p = 3*x + r, 3*p = -p - x + i. Is p prime?
False
Let v(y) = -5451*y + 557. Is v(-4) composite?
True
Le